visor of i and a.
21
Suppose -8*y - 4*y = 24. Let d be 1 - ((-1)/y*38)/(-1). Suppose 2*c - 64 = -d. What is the highest common factor of 55 and c?
11
Suppose -12*r = -15*r - 4*v + 1001, 3*v = 2*r - 639. What is the highest common factor of r and 21?
3
Let d = 13 + 16. Let f = 17 + d. Let c = 112 - f. What is the greatest common factor of 6 and c?
6
Let y be 13/(-11) + (-6)/(-33). Let v be (y + (-21)/(-5))*5. Let w = -24600 - -24656. What is the highest common divisor of w and v?
8
Suppose 0 = 4*v - 24, -v + 283 = 5*b - 2953. Calculate the highest common divisor of 1054 and b.
34
Let k(f) = 3*f**2 - 6*f - 6. Let r be k(6). Let a be r/(-495) - (-1802)/15. What is the highest common divisor of 30 and a?
30
Let d be 3/1 - -7*420/147. What is the highest common factor of d and 8303?
23
Let w = 178 - 154. Let r be w - (0/1 - 2). What is the highest common factor of 13 and r?
13
Let z = -15009 + 15165. Calculate the greatest common divisor of 494 and z.
26
Let y = 26311 - 25871. What is the highest common factor of y and 2585?
55
Let x be (-3*2/27)/((-7)/63). Let i be 189/x*(-8 - (-196)/21). What is the greatest common divisor of i and 14?
14
Suppose 0*h + 8 = h. Let d = 170 + -339. Let q = d - -171. Calculate the highest common factor of h and q.
2
Let q(m) = 463*m - 1398. Let h be q(7). Calculate the greatest common divisor of h and 194.
97
Let w be ((-4)/6 - 0)*(-2 - 601). Let m = 403 - w. Calculate the greatest common divisor of 13 and m.
1
Suppose 0 = 69*v + 27*v - 98496. What is the highest common factor of v and 38?
38
Suppose -54 = -5*j - 13*q + 16*q, -3*j + 26 = -5*q. What is the highest common factor of j and 636?
12
Let k = 23347 - 23301. What is the highest common divisor of k and 2714?
46
Let r = 65 - 69. Let l be (r/(-2) - 1*65) + -2. Let x = 115 + l. Calculate the highest common divisor of x and 20.
10
Let d(v) = -8*v + 12. Let w be d(1). Let a be 33 - w - (-1)/(4/12). What is the highest common factor of 28 and a?
4
Suppose -b + 4*j + 3900 = -6*b, 3*j = -15. Let a = 1086 + b. What is the greatest common divisor of a and 124?
62
Suppose 0*m + 3*m - 3 = 0. Let d be m*(343/1 + -2). Let f(z) = 13*z - 190. Let o be f(17). What is the highest common divisor of d and o?
31
Suppose 29*t + 17 = 34*t - 73. What is the highest common factor of t and 66?
6
Let n(m) = m**3 - 16*m**2 + 10*m + 4. Let p be n(15). Let x = p + 81. Let f(v) = v + 20. Let q be f(-15). What is the highest common factor of x and q?
5
Let q = 2925 - 2741. Calculate the greatest common factor of 40 and q.
8
Suppose -u + 31 = 7 - 10. Calculate the greatest common divisor of u and 2006.
34
Let m(z) = -30*z - 291. Let i be m(-10). Suppose -5*v + i*v - j - 1800 = 0, -j + 906 = 2*v. Calculate the highest common divisor of 11 and v.
11
Let k(d) = -6*d**2 - 59*d - 65. Let w be k(-8). Calculate the highest common factor of w and 1403.
23
Suppose -128*j - 242*j = -115*j - 354960. What is the greatest common factor of j and 224?
16
Let k be 3*1 + (-6868)/(-17). Suppose -13*g = -2*g + k. Let h = g + 51. Calculate the greatest common factor of 112 and h.
14
Let t(p) = -p**2 + 25*p + 205. Let u be t(-6). What is the highest common divisor of 4 and u?
1
Suppose 23 + 27 = 2*g. Let l = -34 - -36. Let j be l*((-1953)/(-154) + (-2)/11). Calculate the greatest common divisor of g and j.
25
Let d(j) be the second derivative of 7*j**3/6 - 24*j**2 - 720*j. Let p be ((-14)/(-6))/(2/6). Let y be d(p). What is the greatest common factor of 7 and y?
1
Let v be ((-32)/(-3))/(72/1782*11). What is the greatest common factor of v and 16152?
24
Let k be 132/30 + -2*4/20. Let z(g) = -g**3 + 5*g**2 - 2*g - 5. Let y be z(4). What is the highest common factor of y and k?
1
Let f(b) = 144*b - 3105. Let w be f(24). Calculate the greatest common factor of 26 and w.
13
Suppose 0 = -5*p + 2*x + 19, 0 = 5*p - 5*x - 4 - 6. Suppose m - 32 = 2*b, -4*m = -8*m - p*b + 180. What is the highest common factor of m and 520?
40
Let y = -30 - -62. Let l be y/((-5)/((-255)/6)). What is the greatest common divisor of 17 and l?
17
Let k be (-4 - 7008/(-42))*(-49)/2. Let c be k/(-27) - (-10)/45. Suppose 2*t + 2*s = 58, -5*t - 8*s + c = -6*s. Calculate the highest common divisor of t and 6.
6
Suppose 31*d = 6582 + 20698. What is the greatest common divisor of d and 800?
80
Let a be 8/12 - 15938/(-78) - -2. Calculate the greatest common divisor of 2231 and a.
23
Suppose -5*l = c - 1123, 7*l - 8*l + 227 = -c. Let v = l - 93. What is the highest common factor of v and 12?
12
Let a = 135 + -93. Suppose 4*g = -5*f - 8, -2*f - 3*g - 2 = -2*g. Suppose -2*w + f*c + 920 = 4*c, -4*c = w - 458. What is the greatest common factor of a and w?
42
Let p be (-32)/(-12)*(7 + (-110)/20) + 2165. What is the greatest common factor of p and 6?
3
Let i = 100 - -246. Let n = -313 + i. What is the greatest common divisor of n and 88?
11
Let h(o) = 5*o**2 + 267*o + 1271. Let q be h(-5). Let v(c) = 31*c**2 + 4*c - 2. Let p be v(5). Calculate the greatest common factor of p and q.
61
Let z(t) = -13*t**3 - 4*t**2 - 5*t - 3. Let m be z(-3). Suppose -4*n + m = -7*n. Let x = -32 - n. Calculate the highest common divisor of x and 7.
7
Let p(l) = 183*l - 1258. Let g be p(7). Calculate the highest common factor of 4232 and g.
23
Let b be 7758*(-17)/(-408)*24. Calculate the highest common divisor of 9 and b.
9
Let o(z) = 81*z**3 - 3*z**2 + 21*z + 6. Let w be o(4). Calculate the highest common divisor of 78 and w.
78
Let c = 498 - 954. Let p be 8/(-20) - (c/15 + 0). Suppose -3*s + 409 = -311. What is the greatest common divisor of s and p?
30
Let r = -18 - -23. Let b be (-4505)/(-25) + (0 - r/25). What is the greatest common factor of 45 and b?
45
Suppose 520*x - 532*x + 1188 = 0. Let h = -7 + 11. Suppose -h*s = -47 + 3. Calculate the greatest common divisor of s and x.
11
Let a = 366 + -546. Let d be ((-6)/15)/(6/a). Let h = 221 + -137. Calculate the greatest common divisor of h and d.
12
Suppose -5*g = 5*s + 675, 3*g + 14*s - 17*s = -411. Let q be (-495)/110*g/3. What is the greatest common divisor of 12 and q?
12
Let c be (-6)/((-3)/6*3). Suppose -f + 12 = -3*g - 3, 0 = c*f - 2*g - 30. Suppose -f*j - 18 + 66 = 0. What is the greatest common factor of 4 and j?
4
Let n(t) = -2*t**3 + 2*t**2 + 18*t + 10. Let q be n(-3). Calculate the highest common divisor of 259 and q.
7
Suppose 9*t - 13*t = -16. Let z be 129 - -2 - (4 - 2). Suppose 2*x = k - 0*k + z, 0 = -t*k + 12. What is the greatest common factor of 6 and x?
6
Let g(m) = m**3 - 427*m + 27*m**2 + 26 + 9 + 478*m. Let p be g(-25). Calculate the greatest common divisor of p and 65.
5
Let w(h) = -14*h - 15 - 27 + 27 - 37*h**3. Let q be w(-1). Let v(z) = 49*z - 1. Let m be v(1). What is the greatest common factor of m and q?
12
Let x = 3531 + -2087. What is the greatest common factor of 12 and x?
4
Let p(x) = 7*x**2 - 22*x - 240. Let o be p(8). What is the greatest common factor of o and 340?
4
Let i = 1032 + -640. What is the highest common divisor of 16 and i?
8
Let r(y) = -2*y**3 - 7*y**2 - 4*y - 26. Let u be r(-8). Calculate the highest common factor of u and 18.
6
Let m = -3 - -32. Let v be m*30*8/20. Let t be (v/(-18))/(1/(-9)). What is the greatest common divisor of t and 29?
29
Suppose -24*r = -16*r - 215*r + 647496. What is the highest common divisor of 56 and r?
8
Let f(n) = -4*n**2 - 28*n - 13. Let g(j) = 6*j**2 + 28*j + 13. Let s(b) = -4*f(b) - 3*g(b). Let h be s(14). Calculate the greatest common divisor of 13 and h.
13
Suppose -5*p = -9*p + 12. Let f be (p/6)/((-4)/(-16)). Suppose -f = -6*q + 5*q. Calculate the highest common divisor of q and 18.
2
Suppose 12*u - 16*u + 68 = -p, -p - 4 = 0. Suppose q + u - 44 = 5*d, -5*q + 44 = -d. What is the greatest common divisor of q and 6?
2
Suppose s - 3*t - 765 = 0, 94*s - 3204 = 90*s - 4*t. What is the highest common factor of 1166 and s?
22
Let u(c) = c**2 - 44*c - 143. Let z be u(49). Calculate the greatest common factor of z and 150.
6
Suppose -12*u - 255*n + 1848 = -252*n, 4*u = 5*n + 616. What is the greatest common divisor of 1298 and u?
22
Suppose 0 = 69*l - 65*l + 5*r - 1345, -4*r + 20 = 0. Calculate the greatest common factor of l and 162.
6
Suppose -3*p = 4*i - 304, -p + 41 = i - 62. Suppose 15 - 929 = -20*j + 166. Calculate the highest common di